of 192996891?
False
Is 15601677 a multiple of 167?
False
Does 503 divide 273786421?
True
Is 625 a factor of 73725947?
False
Does 96 divide 126454637?
False
Does 3 divide 5272945?
False
Is 272920162 a multiple of 1454?
True
Is 11272 a factor of 2425964268?
False
Is 671781439 a multiple of 13?
False
Is 1135389192 a multiple of 5015?
False
Is 15 a factor of 2895570?
True
Is 13 a factor of 1059809374?
True
Does 2140 divide 233275338?
False
Is 1476 a factor of 493691004?
True
Is 29 a factor of 3189097261?
False
Is 154 a factor of 4768428?
False
Is 66266309 a multiple of 1562?
False
Is 357261894 a multiple of 297?
True
Is 91366288 a multiple of 152?
True
Does 569 divide 70113344?
False
Does 79 divide 15196045?
True
Is 28 a factor of 53946788?
True
Is 23 a factor of 3939674?
False
Is 583303082 a multiple of 80?
False
Does 351 divide 2544264216?
True
Is 803 a factor of 22195584?
False
Is 8501 a factor of 51410070?
False
Does 122 divide 897688566?
True
Does 51 divide 749564230?
False
Does 131 divide 464560715?
True
Does 5 divide 171871773?
False
Is 52201709 a multiple of 65?
False
Does 626 divide 87729618?
False
Is 81 a factor of 20772288?
True
Does 7 divide 779041991?
True
Does 29 divide 671406404?
False
Is 80 a factor of 308689040?
True
Does 3371 divide 3785260625?
False
Is 713 a factor of 4718709578?
True
Is 21354969 a multiple of 120?
False
Is 1757 a factor of 24268982?
False
Is 82 a factor of 54686126?
False
Does 652 divide 862955252?
True
Does 6628 divide 1952116472?
False
Is 2460 a factor of 98146121?
False
Is 15 a factor of 3418311130?
False
Is 2361152000 a multiple of 64?
True
Does 133 divide 32228427?
True
Is 439603043 a multiple of 164?
False
Does 690 divide 211949370?
True
Is 2537 a factor of 15630554?
False
Is 90363573 a multiple of 38?
False
Is 1607 a factor of 17793548?
False
Does 741 divide 708404892?
True
Does 3057 divide 92373369?
True
Does 1059 divide 51745917?
True
Is 2566 a factor of 135940947?
False
Is 46079040 a multiple of 480?
True
Is 269 a factor of 397783481?
True
Is 169 a factor of 1865537933?
False
Is 34317208 a multiple of 58?
True
Is 459174100 a multiple of 350?
True
Is 9 a factor of 3031542?
True
Does 6 divide 248353257?
False
Does 353 divide 384311806?
True
Does 894 divide 37600746?
True
Is 727 a factor of 18055647?
False
Is 36 a factor of 3609319424?
False
Is 69 a factor of 29689248?
False
Does 484 divide 367310504?
True
Is 143 a factor of 301425410?
True
Is 6 a factor of 481484005?
False
Is 55 a factor of 86161405?
True
Does 296 divide 25392064?
True
Does 17 divide 3652570921?
True
Is 1916 a factor of 53003651?
False
Does 2855 divide 6655005?
True
Is 399449595 a multiple of 629?
True
Does 78 divide 8448102?
True
Does 34 divide 15209764?
True
Is 126545535 a multiple of 83?
True
Does 195 divide 5276993?
False
Is 2146408804 a multiple of 71?
False
Is 51226775 a multiple of 115?
False
Does 11 divide 1176882652?
True
Does 86 divide 315347638?
True
Is 17 a factor of 21162909?
True
Is 284 a factor of 94500498?
False
Does 67 divide 7061871?
False
Is 18 a factor of 86817798?
True
Is 563680 a multiple of 271?
True
Is 625 a factor of 53881300?
False
Is 6 a factor of 185616?
True
Is 114953084 a multiple of 5549?
True
Is 26137636 a multiple of 1204?
True
Is 11360998 a multiple of 187?
True
Is 21564196 a multiple of 643?
False
Is 589741565 a multiple of 988?
False
Does 125 divide 50416875?
True
Is 325 a factor of 137409025?
True
Is 929 a factor of 30109390?
False
Is 189 a factor of 42749343?
True
Is 1100 a factor of 651393254?
False
Is 1981341 a multiple of 10?
False
Does 11 divide 283794445?
True
Does 52 divide 88761930?
False
Is 63 a factor of 10922562?
True
Is 64 a factor of 118420699?
False
Is 24 a factor of 12216704?
False
Is 163 a factor of 27870737?
False
Is 2167628 a multiple of 11?
False
Is 1677 a factor of 1621054?
False
Is 17 a factor of 411964951?
False
Is 5667 a factor of 2029692720?
True
Is 425151199 a multiple of 954?
False
Is 23015070 a multiple of 415?
True
Does 10 divide 255548190?
True
Does 86 divide 5565736?
False
Is 111 a factor of 22133994?
False
Is 327 a factor of 21480303?
True
Is 11 a factor of 24283264?
False
Is 9109916 a multiple of 2062?
True
Is 607 a factor of 26398430?
True
Is 2032791254 a multiple of 841?
False
Is 6326985 a multiple of 51?
False
Is 523244 a multiple of 42?
False
Does 71 divide 19669974?
False
Is 8394544 a multiple of 282?
False
Is 12180051 a multiple of 13?
True
Is 73039339 a multiple of 70?
False
Is 67998822 a multiple of 403?
False
Is 813 a factor of 474578994?
True
Is 13494421 a multiple of 14?
False
Is 2 a factor of 10710701?
False
Is 1861 a factor of 2289964388?
False
Is 1106251072 a multiple of 1006?
False
Is 125702532 a multiple of 12?
True
Is 482 a factor of 478081858?
False
Does 16 divide 42522087?
False
Is 760 a factor of 263901640?
True
Is 3 a factor of 1218868614?
True
Is 51 a factor of 154578042?
True
Is 298 a factor of 88317345?
False
Does 6713 divide 1023369807?
False
Is 1586 a factor of 60956324?
True
Is 4582 a factor of 343769132?
True
Is 117494091 a multiple of 32?
False
Is 159078943 a multiple of 1080?
False
Is 112116426 a multiple of 934?
True
Does 60 divide 18771550?
False
Does 66 divide 846113?
False
Is 184896 a multiple of 4?
True
Does 156 divide 62058984?
True
Is 1362755683 a multiple of 17?
True
Is 22 a factor of 75379368?
False
Does 1246 divide 2225551216?
False
Is 277758234 a multiple of 243?
True
Is 234349564 a multiple of 218?
True
Does 5 divide 1107665012?
False
Is 9 a factor of 47914830?
True
Is 38 a factor of 6059632?
True
Is 1758498 a multiple of 7?
True
Does 9 divide 5654965071?
False
Is 78 a factor of 248288430?
True
Is 4899322 a multiple of 7?
False
Is 829562310 a multiple of 45?
True
Does 3 divide 288419058?
True
Does 8 divide 668768387?
False
Does 4225 divide 4770303805?
False
Is 28433243 a multiple of 1622?
False
Is 23 a factor of 25724319?
False
Is 347 a factor of 930209840?
True
Does 19 divide 72086593?
False
Is 544638087 a multiple of 81?
True
Does 394 divide 2343512?
True
Does 226 divide 118454058?
True
Is 9112320 a multiple of 60?
True
Does 281 divide 153698289?
True
Is 2243414 a multiple of 20?
False
Does 16 divide 78894905?
False
Is 925031884 a multiple of 19?
False
Does 8 divide 463139271?
False
Does 46 divide 1115992384?
True
Does 1661 divide 725355378?
True
Does 181 divide 41899601?
False
Is 217 a factor of 361694732?
True
Is 366455724 a multiple of 616?
False
Does 25 divide 41395175?
True
Is 59554229 a multiple of 2880?
False
Is 15427789 a multiple of 925?
False
Is 30 a factor of 10920632?
False
Does 2769 divide 808125213?
False
Does 47 divide 8131047?
True
Is 178217763 a multiple of 2?
False
Is 41096568 a multiple of 857?
False
Is 21275318 a multiple of 2688?
False
Is 64038494 a multiple of 5198?
False
Is 34760387 a multiple of 89?
False
Is 11225821 a multiple of 5?
False
Does 631 divide 232355654?
True
Is 85175346 a multiple of 292?
False
Does 39 divide 14337110?
False
Is 130 a factor of 273514547?
False
Does 238 divide 483345405?
False
Does 4698 divide 95107277?
False
Is 19 a factor of 3364284172?
True
Is 506 a factor of 9140890?
True
Does 524 divide 36560249?
False
Is 435 a factor of 15298160?
False
Does 16 divide 83440684?
False
Is 80 a factor of 3275501760?
True
Is 49 a factor of 12636151?
False
Does 2613 divide 213517060?
False
Does 1094 divide 50507792?
True
Is 162177174 a multiple of 1087?
False
Is 6254658 a multiple of 54?
True
Is 32896090 a multiple of 28?
False
Is 73834956 a multiple of 6?
True
Does 392 divide 196309031?
False
Does 202 divide 630034?
False
Does 3409 divide 195512968?
True
Does 479 divide 19352024?
False
Is 136 a factor of 146433512?
True
Is 47 a factor of 1168373?
True
Is 8129512 a multiple of 523?
True
Is 4087 a factor of 160796855?
False
Is 55 a factor of 47718418?
False
Is 2411042988 a multiple of 5106?
True
Is 1757359 a multiple of 198?
False
Does 1290 divide 77319038?
False
Is 18 a factor of 2413800792?
True
Is 16 a factor of 50250539?
False
Is 118666609 a multiple of 2019?
False
Does 718 divide 259540815?
False
Does 8850 divide 18151350?
True
Is 29 a factor of 23553384?
False
Is 2365504010 a multiple of 1641?
False
Does 388 divide 29346620?
False
Is 1241837667 a multiple of 635?
False
Is 49200600